{"id":870,"date":"2017-10-29T17:30:44","date_gmt":"2017-10-29T16:30:44","guid":{"rendered":"http:\/\/www.achtaranch.at\/shop\/?post_type=product&#038;p=870"},"modified":"2019-02-05T09:35:22","modified_gmt":"2019-02-05T08:35:22","slug":"kerzenhalter-mammut","status":"publish","type":"product","link":"http:\/\/www.achta.at\/?product=kerzenhalter-mammut","title":{"rendered":"Kerzenhalter Mammut"},"content":{"rendered":"<p>Ein au\u00dfergew\u00f6hnlicher Kerzenhalter f\u00fcr Teelichter aus Mammutbaum Holz.<\/p>\n<p>Durch seine Besondere Maserung und dem Roten Kern ist dieser Kerzenhalter ein Besonderer Hingucker.<\/p>\n<p>Jeder Kerzenhalter ist ein Unikat und einzigartig in Form und Beschaffenheit<\/p>\n<p>Die R\u00fcckseite ist flach geschliffen so das der Kerzenhalter einen festen Stand hat!<\/p>\n<p>Geschliffen &#8211; gewachst &#8211; poliert<\/p>\n<p>&nbsp;<\/p>\n<div class=\"sharedaddy sd-sharing-enabled\"><div class=\"robots-nocontent sd-block sd-social sd-social-icon-text sd-sharing\"><div class=\"sd-content\"><ul><li class=\"share-print\"><a rel=\"nofollow noopener noreferrer\" data-shared=\"\" class=\"share-print sd-button share-icon\" href=\"http:\/\/www.achta.at\/?product=kerzenhalter-mammut\" target=\"_blank\" title=\"Klicken zum Ausdrucken\"><span>Drucken<\/span><\/a><\/li><li class=\"share-facebook\"><a rel=\"nofollow noopener noreferrer\" data-shared=\"sharing-facebook-870\" class=\"share-facebook sd-button share-icon\" href=\"http:\/\/www.achta.at\/?product=kerzenhalter-mammut&amp;share=facebook\" target=\"_blank\" title=\"Klick, um auf Facebook zu teilen\"><span>Facebook<\/span><\/a><\/li><li class=\"share-jetpack-whatsapp\"><a rel=\"nofollow noopener noreferrer\" data-shared=\"\" class=\"share-jetpack-whatsapp sd-button share-icon\" href=\"http:\/\/www.achta.at\/?product=kerzenhalter-mammut&amp;share=jetpack-whatsapp\" target=\"_blank\" title=\"Click to share on WhatsApp\"><span>WhatsApp<\/span><\/a><\/li><li class=\"share-end\"><\/li><\/ul><\/div><\/div><\/div>","protected":false},"excerpt":{"rendered":"<p>Der au\u00dfergew\u00f6hnliche Kerzenhalter<\/p>\n<div class=\"sharedaddy sd-sharing-enabled\"><div class=\"robots-nocontent sd-block sd-social sd-social-icon-text sd-sharing\"><div class=\"sd-content\"><ul><li class=\"share-print\"><a rel=\"nofollow noopener noreferrer\" data-shared=\"\" class=\"share-print sd-button share-icon\" href=\"http:\/\/www.achta.at\/?product=kerzenhalter-mammut\" target=\"_blank\" title=\"Klicken zum Ausdrucken\"><span>Drucken<\/span><\/a><\/li><li class=\"share-facebook\"><a rel=\"nofollow noopener noreferrer\" data-shared=\"sharing-facebook-870\" class=\"share-facebook sd-button share-icon\" href=\"http:\/\/www.achta.at\/?product=kerzenhalter-mammut&amp;share=facebook\" target=\"_blank\" title=\"Klick, um auf Facebook zu teilen\"><span>Facebook<\/span><\/a><\/li><li class=\"share-jetpack-whatsapp\"><a rel=\"nofollow noopener noreferrer\" data-shared=\"\" class=\"share-jetpack-whatsapp sd-button share-icon\" href=\"http:\/\/www.achta.at\/?product=kerzenhalter-mammut&amp;share=jetpack-whatsapp\" target=\"_blank\" title=\"Click to share on WhatsApp\"><span>WhatsApp<\/span><\/a><\/li><li class=\"share-end\"><\/li><\/ul><\/div><\/div><\/div>","protected":false},"featured_media":873,"comment_status":"open","ping_status":"closed","template":"","meta":{"sfsi_plus_gutenberg_text_before_share":"","sfsi_plus_gutenberg_show_text_before_share":"","sfsi_plus_gutenberg_icon_type":"","sfsi_plus_gutenberg_icon_alignemt":"","sfsi_plus_gutenburg_max_per_row":"","spay_email":""},"jetpack_sharing_enabled":true,"_links":{"self":[{"href":"http:\/\/www.achta.at\/index.php?rest_route=\/wp\/v2\/product\/870"}],"collection":[{"href":"http:\/\/www.achta.at\/index.php?rest_route=\/wp\/v2\/product"}],"about":[{"href":"http:\/\/www.achta.at\/index.php?rest_route=\/wp\/v2\/types\/product"}],"replies":[{"embeddable":true,"href":"http:\/\/www.achta.at\/index.php?rest_route=%2Fwp%2Fv2%2Fcomments&post=870"}],"wp:featuredmedia":[{"embeddable":true,"href":"http:\/\/www.achta.at\/index.php?rest_route=\/wp\/v2\/media\/873"}],"wp:attachment":[{"href":"http:\/\/www.achta.at\/index.php?rest_route=%2Fwp%2Fv2%2Fmedia&parent=870"}],"curies":[{"name":"wp","href":"https:\/\/api.w.org\/{rel}","templated":true}]}}